{"id":2,"date":"2013-01-16T11:22:15","date_gmt":"2013-01-16T11:22:15","guid":{"rendered":"http:\/\/www.renaudpradenc.com\/?page_id=2"},"modified":"2025-01-27T15:30:42","modified_gmt":"2025-01-27T14:30:42","slug":"sample-page","status":"publish","type":"page","link":"https:\/\/www.renaudpradenc.com\/?page_id=2","title":{"rendered":"Qui suis-je\u00a0?"},"content":{"rendered":"<p>Pendant 8 ans, j&#8217;ai d\u00e9velopp\u00e9 pour des calculateurs embarqu\u00e9s dans le domaine de l&#8217;a\u00e9ronautique.<\/p>\n<p>Pendant 8 ans, j&#8217;ai \u00e9t\u00e9 d\u00e9veloppeur Mac &amp; iOS Freelance.<\/p>\n<p>Pendant 4 ans, je fus responsable des d\u00e9veloppement mobiles chez <a href=\"https:\/\/www.incwo.com\">incwo<\/a>.<\/p>\n<p>Actuellement, je suis iOS Lead Developer chez <a href=\"https:\/\/www.diabeloop.com\">Diabeloop<\/a>.<\/p>\n","protected":false},"excerpt":{"rendered":"<p>Pendant 8 ans, j&#8217;ai d\u00e9velopp\u00e9 pour des calculateurs embarqu\u00e9s dans le domaine de l&#8217;a\u00e9ronautique. Pendant 8 ans, j&#8217;ai \u00e9t\u00e9 d\u00e9veloppeur Mac &amp; iOS Freelance. Pendant 4 ans, je fus responsable des d\u00e9veloppement mobiles chez incwo. Actuellement, je suis iOS Lead Developer chez Diabeloop.<\/p>\n","protected":false},"author":1,"featured_media":0,"parent":0,"menu_order":0,"comment_status":"closed","ping_status":"closed","template":"","meta":{"footnotes":""},"class_list":["post-2","page","type-page","status-publish","hentry"],"_links":{"self":[{"href":"https:\/\/www.renaudpradenc.com\/index.php?rest_route=\/wp\/v2\/pages\/2","targetHints":{"allow":["GET"]}}],"collection":[{"href":"https:\/\/www.renaudpradenc.com\/index.php?rest_route=\/wp\/v2\/pages"}],"about":[{"href":"https:\/\/www.renaudpradenc.com\/index.php?rest_route=\/wp\/v2\/types\/page"}],"author":[{"embeddable":true,"href":"https:\/\/www.renaudpradenc.com\/index.php?rest_route=\/wp\/v2\/users\/1"}],"replies":[{"embeddable":true,"href":"https:\/\/www.renaudpradenc.com\/index.php?rest_route=%2Fwp%2Fv2%2Fcomments&post=2"}],"version-history":[{"count":8,"href":"https:\/\/www.renaudpradenc.com\/index.php?rest_route=\/wp\/v2\/pages\/2\/revisions"}],"predecessor-version":[{"id":808,"href":"https:\/\/www.renaudpradenc.com\/index.php?rest_route=\/wp\/v2\/pages\/2\/revisions\/808"}],"wp:attachment":[{"href":"https:\/\/www.renaudpradenc.com\/index.php?rest_route=%2Fwp%2Fv2%2Fmedia&parent=2"}],"curies":[{"name":"wp","href":"https:\/\/api.w.org\/{rel}","templated":true}]}}